a factor of p(-6)?
True
Suppose -2*i + 4*b = 2*i - 48, 44 = 4*i - 2*b. Let m = 2 + i. Is m a multiple of 12?
True
Suppose -o - p + 36 = -0*p, 3*o - 3*p = 126. Let d = o + -26. Is 9 a factor of d?
False
Suppose 4*g = 3*j + 6, 4*g = 3*g - j + 5. Suppose -62 = -g*f + f. Is f a multiple of 15?
False
Let f(s) = -s - 2. Let j be f(-7). Suppose -2*d = 5*y - 51, -j*d - 3*y + 85 = y. Suppose p = -t + d, 5*p - 71 = -3*t + 4. Is p a multiple of 9?
True
Let w = 105 + 27. Is 11 a factor of w?
True
Suppose -54 = -j + 3*z, -3*j - z + 112 = -0. Let f = j - 19. Is f a multiple of 10?
True
Suppose -3*i + 3*z = -168, -z + 87 = 2*i + 2*z. Is 22 a factor of i?
False
Suppose 0*o + o - 25 = -5*s, -4*s + 20 = 0. Suppose o*k - 325 = -5*k. Is 25 a factor of k?
False
Suppose 3 + 3 = -2*p, 66 = 3*j - 4*p. Does 9 divide j?
True
Let x(o) = -o**3 + 9*o**2 + 2*o + 8. Let r be x(9). Let a = 51 - r. Suppose -a - 11 = -4*q. Is 4 a factor of q?
False
Suppose 0 = -15*b + 23*b - 640. Does 20 divide b?
True
Suppose u + 5 = -3*q, -2*q + 4*q = -5*u + 1. Let x(b) = -8*b**2 - b + 1. Let a be x(u). Let o(c) = c**2 + 6*c + 2. Is o(a) a multiple of 6?
True
Suppose -7 + 1 = -2*c. Suppose -c*t - 2*t + 155 = 0. Is t a multiple of 10?
False
Suppose u - 49 = -4. Is u a multiple of 5?
True
Let p(t) = 32*t**2 + 2*t - 2. Let b be p(2). Suppose -5*z = -100 - b. Is 23 a factor of z?
True
Let s be ((-3)/(-2))/(9/24). Suppose b + 5*h = s + 21, -2*h = 2*b - 34. Does 13 divide (2 + -3)*(1 - b)?
False
Suppose 5*r = -3*z - 29, 0 = 4*z + 7*r - 3*r + 28. Is 5 a factor of 5 + (-12)/4 - z?
True
Suppose 12*n = 23*n - 297. Is 5 a factor of n?
False
Suppose l - o - 3*o = -145, 4*o = 2*l + 270. Let m = 1 + 0. Is m + -2 - l/5 a multiple of 12?
True
Let l(c) = c**3 - 9*c**2 - 3*c + 6. Let a be l(10). Is 5 a factor of a/16*-2*-2?
False
Let s(k) = 2*k**2 - 19*k + 89. Does 12 divide s(15)?
False
Let k = 200 - -98. Is 17 a factor of k?
False
Let h(f) = 12*f. Let p be h(3). Suppose 2*l - 2*b = b + 47, p = l + b. Does 7 divide l?
False
Suppose -2*r - 76 = -3*r. Is 33 a factor of r?
False
Let c = 13 - 12. Let m = c - -6. Is m a multiple of 7?
True
Suppose 0 = -3*v - 3, 0 = -n - 0*n - v + 13. Let u = -9 + n. Is u even?
False
Suppose 2*h = 4*o + h - 158, -h = -2. Is 2 a factor of o?
True
Suppose 5 = 4*j - 7. Suppose j = -3*n + 6. Is ((-13)/(-1))/(0 + n) a multiple of 4?
False
Let g(y) = -2*y**2 + y**2 - 4 + 5*y + 2*y**2. Let h be g(-8). Suppose -2*q + 2*o = 3*o - 36, o = -q + h. Does 16 divide q?
True
Let x(s) = s**3 + s**3 - s**3 + 2*s**2 - 1 - 2*s. Let y be x(-2). Let r = y + 6. Does 9 divide r?
True
Let o be 3/(2 - 82/44). Suppose 2*j = 6*j. Let x = o + j. Does 11 divide x?
True
Suppose x = -2*x + 126. Let g = 72 - x. Suppose 3*m + 4*f = 60, m + f - 3*f = g. Is 12 a factor of m?
True
Suppose -3*j - 4*w + 2 - 13 = 0, 2*w + 19 = 3*j. Let u(y) = y**2 + 2*y - 2. Is 10 a factor of u(j)?
False
Let s be (44*5)/((-5)/(-5)). Suppose 5*a - s = -75. Does 18 divide a?
False
Suppose -5*q + 276 = -54. Let j = q - 16. Suppose -m - 4*m + j = 0. Does 9 divide m?
False
Let y(j) = -6*j + 3*j + j. Suppose 0 = -4*q - 3 - 21. Does 6 divide y(q)?
True
Suppose -8*m + 5661 = 9*m. Is 37 a factor of m?
True
Suppose 0 = -3*z + 5*z - 6. Let q = z - 6. Let p = 27 + q. Does 8 divide p?
True
Let f(n) = -2*n - 14. Let t(q) = -4 + 0*q - 5 - q. Let p(y) = 5*f(y) - 8*t(y). Is p(-2) a multiple of 3?
True
Let t = -30 - -62. Is 8 a factor of t?
True
Suppose 137 = -2*a + t, -4*a = -4*t + 359 - 91. Let k = 121 + a. Is k a multiple of 13?
False
Let r(g) be the second derivative of -4*g**3/3 - 2*g**2 + 3*g. Is 22 a factor of r(-6)?
True
Suppose 53 = 4*d + y, -5*d - 3*y + 78 = 17. Does 14 divide d?
True
Let j = -16 + 10. Does 18 divide 644/21 - 2/j?
False
Let s(y) = 44*y**3 + y**2 - 1. Is s(1) a multiple of 11?
True
Let o(i) = i - 5. Let j be o(9). Suppose -5*n + 15 = 0, 4*n + j = r + 2. Suppose -59 = -3*p - r. Does 9 divide p?
False
Let h(k) = -6 + k - k**2 - 8*k + 0*k**2. Is h(-5) a multiple of 4?
True
Suppose 2*q - 75 = -5. Suppose 0 = 5*b + 5*f - q, -3*b = -3*f + f + 4. Let u = 8 - b. Is 6 a factor of u?
True
Let a(t) = 2*t**2 - 11*t + 7. Let j be a(7). Is (j/(-5))/(4/(-10)) a multiple of 4?
False
Suppose 66 = -w + 12*w. Is 6 a factor of w?
True
Let c = -1 - -3. Suppose 3*p - 5*h + 25 = -c*p, 0 = p + 2*h - 10. Suppose -y + 5*y - 68 = p. Is 6 a factor of y?
False
Suppose 5*b = -5*h - 6 - 799, -491 = 3*h - 5*b. Let k = 53 + h. Is 9 a factor of k/(-5) - (-2)/10?
False
Let p = 34 - -35. Is p a multiple of 28?
False
Suppose 3*o - 99 = 2*c + 8, -3*c = -o + 38. Does 5 divide o?
True
Let p(c) = 52*c**2 + 1. Is p(-1) a multiple of 17?
False
Let o = 31 + 57. Is o a multiple of 29?
False
Let y = 214 - 146. Suppose 3*c + 0*g + 2 = -4*g, 0 = -c + g + 4. Suppose 0*f - y = -c*f. Does 17 divide f?
True
Let c be 6/(-4)*(-6)/3. Suppose -c*h + 138 + 67 = -w, -h + 75 = 3*w. Does 18 divide h?
False
Let f(a) = a**3 + 5*a**2 - 6*a + 3. Let m be f(-6). Let g(u) = 0*u**2 + 9 + 3*u + m + u**2 + 3*u. Is 10 a factor of g(-9)?
False
Suppose 0 = 2*v - 2 - 14. Suppose 0 = 2*d + 2*c - v, -2*c = -3*d + c + 12. Suppose -18 = r - d*r. Is 3 a factor of r?
True
Suppose 3*y = 502 + 458. Is y a multiple of 20?
True
Let j be 7 + -1 + 2 + -3. Suppose j*m = 12 + 13. Is 1/m + 169/5 a multiple of 13?
False
Let a(w) = -w**3 + w**2 - w + 1. Let d be a(0). Does 3 divide ((-6)/(-10))/(d/5)?
True
Let q(l) = 120*l**2 + 1. Is q(-1) a multiple of 33?
False
Suppose -3 = -3*l - 9. Let p = l + 6. Suppose p*w = -w + 50. Is w a multiple of 5?
True
Let a = -22 - -6. Let n = a + 22. Is 4 a factor of n?
False
Suppose 0 = c + c - 54. Is c a multiple of 9?
True
Suppose 0 = -4*q - 0*q + 48. Is 13 a factor of (26/8)/(3/q)?
True
Suppose 2 - 14 = -4*j. Suppose 2*w = j*w + 10. Does 10 divide ((-85)/w)/((-2)/(-4))?
False
Let i = -37 - -13. Let v = 22 - i. Is v a multiple of 23?
True
Let r = -25 + 87. Does 16 divide r?
False
Let m be 0 - 0/(12/(-3)). Suppose m*l - x = 5*l - 16, -l + 5 = 2*x. Is l even?
False
Let z = 149 + -114. Is 7 a factor of z?
True
Suppose -3*y + 4 = -2*y. Let n(a) be the second derivative of 5*a**3/3 + 6*a. Is 20 a factor of n(y)?
True
Suppose -6 = -2*m + 3*m. Is 26 a factor of 844/16 + m/8?
True
Let d(z) = z**2 + 6*z - 7. Let r be d(5). Suppose 0 = 2*a - a - r. Is 28 a factor of a?
False
Let h be (-1)/(-3*1/(-12)). Let k be (2/h)/((-1)/8). Suppose 0 = k*q - 88. Does 8 divide q?
False
Suppose 3*v - 8*v = 0. Suppose v = s + 3*s - 12. Suppose -u + 5*c - 1 = -s, -u + 6 = -c. Is 7 a factor of u?
True
Let a be (-1)/2*(27 - 3). Let c be (3*1)/(a/(-16)). Suppose c*l + 22 = 78. Is 14 a factor of l?
True
Let j = -241 + 408. Is j a multiple of 23?
False
Let y = -54 + 86. Does 16 divide y?
True
Suppose -4*i - 3*x = -1134, -i + 27 = -5*x - 268. Is i a multiple of 10?
False
Let g be -1*(-7 + 4 - -1). Suppose 3*v = 5*o + 192, g*v = -4*o + 128 + 22. Is v a multiple of 15?
False
Let o(c) = c**3 - 7*c**2 + c. Let r be o(5). Let p = r + 75. Let b = 48 - p. Does 8 divide b?
False
Let k(d) = -d**2 - 17*d - 4. Let h be k(-12). Let z = h + -22. Is 7 a factor of z?
False
Let z = -20 + 27. Is 7 a factor of z?
True
Let o = -160 + 286. Is 9 a factor of o?
True
Suppose 4*f = -4 - 4. Let n(b) = -39*b - 1. Let l be n(f). Suppose 3*q = 2*r + l, -4*q + 112 = -7*r + 2*r. Does 13 divide q?
False
Suppose q = 2*v + 5, 3*v - 1 = 4*v. Does 18 divide q + -4 - 19/(-1)?
True
Suppose -2*m + 9 = -281. Suppose 0 = 4*w + o + m, 0*o - o + 179 = -5*w. Is (-116)/w - (-4)/(-18) a multiple of 2?
False
Suppose -q = 3*q - 12. Suppose -q = 2*v + 3. Is (-3)/v - 8/(-2) a multiple of 2?
False
Suppose 0 = -4*o - 3*b + 19, b - 5 = o - 2*o. Suppose -3*f + 3*h = -132, -o*f + 201 = -0*f + h. Does 10 divide f/5 + 5/25?
True
Is 22 a factor of (-18)/3*(3 + -11)?
False
Suppose 197 = -2*q + 6*q + 3*c, -q = -5*c - 78. Suppose 5*u = 3*p + p + 72, q = -5*p - 3*u. Let d = 21 - p. Is d a multiple of 17?
True
Let n = 2064 - 1474. Let z be (-4)/(-22) - n/(-22). Suppose 2*s - 9 = -f, 0 = -4*f - 5*s + z + 18. Is f a multiple of 10?
False
Let u(m) = -2*m**3 - m**2 - 2*m - 1. Let d(g) = -g + 3. Let x be d(5). Is u(x) a multiple of 8?
False
Suppose 4*c - 8 - 9 = -5*r, 15 = r - 5*c. Suppose 3*h = 3*q - 159, -4*q + r*h = -q - 169. Is q a multiple of 12?
True
Suppose -4 = 4*m, 5